{"id":2576,"date":"2015-03-03T20:28:53","date_gmt":"2015-03-03T20:28:53","guid":{"rendered":"http:\/\/crocomobile.net\/?page_id=2576"},"modified":"2015-03-03T20:28:53","modified_gmt":"2015-03-03T20:28:53","slug":"crocomobile","status":"publish","type":"page","link":"http:\/\/crocomobile.net\/","title":{"rendered":"Crocomobile"},"content":{"rendered":"<p>Hallo,<\/p>\n<p>Ich bin ein spezielles Krokodil. Mein Name Crocomobile entstammt einer Idee meiner 2 j\u00fcngsten Passagiere als deren Eltern 2015 einen Namen mit entsprechendem Logo f\u00fcr ihren neu angeschafften Landrover Defender suchten. Durch Markus mit Hilfe von Florian Hummel wurde ich bildlich dargestellt und anschliessend auf Lebensgr\u00f6sse eines Krokodils vergr\u00f6ssert, auf Plastikfolie gedruckt und auf das Auto geklebt. Meine j\u00fcngsten Fans (Besitzer) sind hin und weg.<\/p>\n<p><a href=\"https:\/\/i0.wp.com\/crocomobile.net\/wp-content\/uploads\/2015\/04\/cropped-crocomobile-300x105.jpg\"><img data-recalc-dims=\"1\" loading=\"lazy\" decoding=\"async\" data-attachment-id=\"33\" data-permalink=\"http:\/\/crocomobile.net\/?attachment_id=33\" data-orig-file=\"https:\/\/i0.wp.com\/crocomobile.net\/wp-content\/uploads\/2015\/04\/cropped-crocomobile.jpg?fit=1000%2C350\" data-orig-size=\"1000,350\" data-comments-opened=\"1\" data-image-meta=\"{&quot;aperture&quot;:&quot;0&quot;,&quot;credit&quot;:&quot;&quot;,&quot;camera&quot;:&quot;&quot;,&quot;caption&quot;:&quot;&quot;,&quot;created_timestamp&quot;:&quot;0&quot;,&quot;copyright&quot;:&quot;&quot;,&quot;focal_length&quot;:&quot;0&quot;,&quot;iso&quot;:&quot;0&quot;,&quot;shutter_speed&quot;:&quot;0&quot;,&quot;title&quot;:&quot;&quot;,&quot;orientation&quot;:&quot;1&quot;}\" data-image-title=\"cropped-crocomobile.jpg\" data-image-description=\"&lt;p&gt;http:\/\/crocomobile.net\/wp-content\/uploads\/2015\/04\/cropped-crocomobile.jpg&lt;\/p&gt;\n\" data-image-caption=\"\" data-medium-file=\"https:\/\/i0.wp.com\/crocomobile.net\/wp-content\/uploads\/2015\/04\/cropped-crocomobile.jpg?fit=300%2C105\" data-large-file=\"https:\/\/i0.wp.com\/crocomobile.net\/wp-content\/uploads\/2015\/04\/cropped-crocomobile.jpg?fit=584%2C204\" class=\"alignnone size-medium wp-image-33\" src=\"https:\/\/i0.wp.com\/crocomobile.net\/wp-content\/uploads\/2015\/04\/cropped-crocomobile.jpg?resize=300%2C105\" alt=\"cropped-crocomobile.jpg\" width=\"300\" height=\"105\" srcset=\"https:\/\/i0.wp.com\/crocomobile.net\/wp-content\/uploads\/2015\/04\/cropped-crocomobile.jpg?resize=300%2C105 300w, https:\/\/i0.wp.com\/crocomobile.net\/wp-content\/uploads\/2015\/04\/cropped-crocomobile.jpg?resize=500%2C175 500w, https:\/\/i0.wp.com\/crocomobile.net\/wp-content\/uploads\/2015\/04\/cropped-crocomobile.jpg?w=1000 1000w\" sizes=\"auto, (max-width: 300px) 100vw, 300px\" \/><\/a><\/p>\n<p>So werde ich auch die vier\u00a0bei ihren wildesten Abenteuern in alle Welt begleiten. Das erste Ziel war 2015-2016 der\u00a0f\u00fcnfte Kontinent &#8211; daf\u00fcr passt der Name und das Krokodil super.<\/p>\n<p>So, mein Name ist also Crocomobile &#8211; t\u00f6nt doch gut und ruft nach Abenteuer&#8230;<\/p>\n<p>Auf den folgenden Seiten erfahrt Ihr:<\/p>\n<ul>\n<li>mehr \u00fcber meine Reisetruppe<\/li>\n<li>wie der Landrover seinen Besitzern zum Crocomobil aufgem\u00f6belt wurde, damit die Reise zum Spass f\u00fcr alle wird<\/li>\n<li>Reiseberichte und Karten<\/li>\n<\/ul>\n<p><a href=\"https:\/\/i0.wp.com\/crocomobile.net\/wp-content\/uploads\/2015\/09\/IMG_1113-e1441541009354.jpg\"><img data-recalc-dims=\"1\" loading=\"lazy\" decoding=\"async\" data-attachment-id=\"115\" data-permalink=\"http:\/\/crocomobile.net\/?attachment_id=115\" data-orig-file=\"https:\/\/i0.wp.com\/crocomobile.net\/wp-content\/uploads\/2015\/09\/IMG_1113-e1441541009354.jpg?fit=900%2C675\" data-orig-size=\"900,675\" data-comments-opened=\"1\" data-image-meta=\"{&quot;aperture&quot;:&quot;2.4&quot;,&quot;credit&quot;:&quot;&quot;,&quot;camera&quot;:&quot;iPhone 5&quot;,&quot;caption&quot;:&quot;&quot;,&quot;created_timestamp&quot;:&quot;1436881916&quot;,&quot;copyright&quot;:&quot;&quot;,&quot;focal_length&quot;:&quot;4.12&quot;,&quot;iso&quot;:&quot;50&quot;,&quot;shutter_speed&quot;:&quot;0.000406008932197&quot;,&quot;title&quot;:&quot;&quot;,&quot;orientation&quot;:&quot;1&quot;}\" data-image-title=\"IMG_1113\" data-image-description=\"\" data-image-caption=\"\" data-medium-file=\"https:\/\/i0.wp.com\/crocomobile.net\/wp-content\/uploads\/2015\/09\/IMG_1113-e1441541009354.jpg?fit=300%2C225\" data-large-file=\"https:\/\/i0.wp.com\/crocomobile.net\/wp-content\/uploads\/2015\/09\/IMG_1113-e1441541009354.jpg?fit=584%2C438\" class=\"alignnone wp-image-115\" src=\"https:\/\/i0.wp.com\/crocomobile.net\/wp-content\/uploads\/2015\/09\/IMG_1113.jpg?resize=486%2C368\" alt=\"IMG_1113\" width=\"486\" height=\"368\" \/><\/a><\/p>\n<p>Mein(e) Steckbrief \/ Ausr\u00fcstung:<\/p>\n<table class=\" alignleft\" style=\"height: 596px;\" width=\"584\">\n<tbody>\n<tr>\n<td>Typ<\/td>\n<td>Land Rover Defender 130 DCPU TD4 2.2 Diesel<\/td>\n<\/tr>\n<tr>\n<td>Farbe<\/td>\n<td>Weiss \/ grau<\/td>\n<\/tr>\n<tr>\n<td>Autoausr\u00fcstung<\/td>\n<td>Unterfahrschutz, Differenzialschutz, Schnorchel, Treeslider,<\/td>\n<\/tr>\n<tr>\n<td>Umbau\/ Eigenbau<\/td>\n<td>Alu-Canopy mit 3 Klappen, Schubladenblock, Dachtr\u00e4ger, Audio-update Lautsprecher hinten<\/td>\n<\/tr>\n<tr>\n<td>Umbau -eingekauft<\/td>\n<td>Dachzelt Howling Moon f\u00fcr 4 Personen, Doppelbatteriesystem IBS, Innenbeleuchtung, Radio<\/td>\n<\/tr>\n<tr>\n<td>Ausr\u00fcstung &#8211; Reise<\/td>\n<td>Sandwaffleboards, Neigungsmesser, Navigationssystem Garmin, Satelitentelephon Inmarsat, 2 Handys, 2 Laptop, 1 I-Pad, I-Pods,\u00a0Ersatzteile: \u00d6l-, Luft-, Dieselfilter, K\u00fchlerschl\u00e4uche + Werkstatthand-buch<\/td>\n<\/tr>\n<tr>\n<td>K\u00fcchen-Ausr\u00fcstung<\/td>\n<td>elektrische K\u00fchlbox, Wassertanks 90 Liter, Micropur f\u00fcr unsauberes Wasser, 2-flammiger Gaskocher, 2 Benzinkocher Primus,<\/td>\n<\/tr>\n<tr>\n<td>\u00a0Technische Ausr\u00fcstung<\/td>\n<td>Hi-Lift Jack mit Recoveryset, Luftkompressor, Grosses Werkzeugset, Schweisszubeh\u00f6r,<\/td>\n<\/tr>\n<tr>\n<td>\u00a0Zeitvertreib, Hobby<\/td>\n<td>\u00a0Musikinstrumente (Posaune, Alphorn, Fl\u00f6te, Geigen), Spiele, Schulvorbereitungsb\u00fccher, Zeichenmaterial, Lego, Puppen, Schnorchelset, Wanderausr\u00fcstung<\/td>\n<\/tr>\n<tr>\n<td><\/td>\n<td><\/td>\n<\/tr>\n<\/tbody>\n<\/table>\n<p><!--more--><\/p>\n","protected":false},"excerpt":{"rendered":"<p>Hallo, Ich bin ein spezielles Krokodil. Mein Name Crocomobile entstammt einer Idee meiner 2 j\u00fcngsten Passagiere als deren Eltern 2015 einen Namen mit entsprechendem Logo f\u00fcr ihren neu angeschafften Landrover Defender suchten. Durch Markus mit Hilfe von Florian Hummel wurde &hellip; <a href=\"http:\/\/crocomobile.net\/\">Weiterlesen <span class=\"meta-nav\">&rarr;<\/span><\/a><\/p>\n","protected":false},"author":1,"featured_media":0,"parent":0,"menu_order":0,"comment_status":"open","ping_status":"open","template":"","meta":{"jetpack_post_was_ever_published":false,"footnotes":""},"class_list":["post-2576","page","type-page","status-publish","hentry"],"jetpack_sharing_enabled":true,"jetpack_shortlink":"https:\/\/wp.me\/P7tt3r-Fy","jetpack-related-posts":[],"_links":{"self":[{"href":"http:\/\/crocomobile.net\/index.php?rest_route=\/wp\/v2\/pages\/2576","targetHints":{"allow":["GET"]}}],"collection":[{"href":"http:\/\/crocomobile.net\/index.php?rest_route=\/wp\/v2\/pages"}],"about":[{"href":"http:\/\/crocomobile.net\/index.php?rest_route=\/wp\/v2\/types\/page"}],"author":[{"embeddable":true,"href":"http:\/\/crocomobile.net\/index.php?rest_route=\/wp\/v2\/users\/1"}],"replies":[{"embeddable":true,"href":"http:\/\/crocomobile.net\/index.php?rest_route=%2Fwp%2Fv2%2Fcomments&post=2576"}],"version-history":[{"count":0,"href":"http:\/\/crocomobile.net\/index.php?rest_route=\/wp\/v2\/pages\/2576\/revisions"}],"wp:attachment":[{"href":"http:\/\/crocomobile.net\/index.php?rest_route=%2Fwp%2Fv2%2Fmedia&parent=2576"}],"curies":[{"name":"wp","href":"https:\/\/api.w.org\/{rel}","templated":true}]}}